{"id":115,"date":"2021-03-01T10:33:49","date_gmt":"2021-03-01T10:33:49","guid":{"rendered":"https:\/\/zelenjaki.at\/?page_id=115"},"modified":"2021-03-30T18:28:32","modified_gmt":"2021-03-30T18:28:32","slug":"geristof-kroatisch-geresdorf","status":"publish","type":"page","link":"https:\/\/zelenjaki.at\/?page_id=115","title":{"rendered":"Geri\u0161tof\/Kroatisch Geresdorf"},"content":{"rendered":"\n<h5>Na\u0161e selo &#8211; unser dorf<\/h5>\n\n\n\n<p>Geri\u0161tof je malo ali fajno selo u kom se \u010duda ljudi anga\u017eira za kulturu, zabavu i sigurnost. Uz Zelenjake su ti ljudi u sljede\u0107i dru\u0161tvi aktivni:<\/p>\n\n\n\n<p>F\u00fcr Kroatisch Geresdorf setzten sich seine BewohnerInnen mit viel Flei\u00df und Freude ein. Hier ein kurzer \u00dcberblick \u00fcber die sehr vielseitigen Vereine: <\/p>\n\n\n\n<p><strong>Ognjobranci<\/strong> su se osnovali jur 1888. ljeta i do danas branu na\u0161e selo od ognja i drugih katastrofov. Pred nekoliko ljeti su se ognjobranci i po\u010deli i naticati pri Kuppelcup-u. <br>Die <strong>FF-Kroatisch Geresdorf<\/strong> bem\u00fcht sich schon seit ihrer Gr\u00fcndung im Jahr 1888 um die Sicherheit unseres Dorfes. Seit kurzem trainiert eine Gruppe von Feuerwehrm\u00e4nnern- und frauen f\u00fcr Kuppelcups und nimmt an Wettbewerben teil.<\/p>\n\n\n\n<p><strong>Dru\u0161tvo za turizam i polip\u0161avanje sela Geri\u0161tof<\/strong> se skrbi za oblik na\u0161ega sela od 1961. ljeta. U svakoj ljetnoj dobi je Geri\u0161tof nakin\u010den najlip\u0161imi kiticami i dekoracijom.<br>Der <strong>Fremdenverkehrs- und Versch\u00f6nerungsverein<\/strong> <strong>Kroatisch Geresdorf<\/strong> passt das Aussehen unseres Dorfes jeder Jahreszeit und jedem Anlass an. Seit der Gr\u00fcndung 1961 wurden viele Projekte umgesetzt.<\/p>\n\n\n\n<p><strong>SC Geri\u0161tof <\/strong>se igra nogomet od 1969. ljeta. Posebno je da se u Geri\u0161tofskom timu najve\u0107im dijelom igraju Geri\u0161tofski junaki i mu\u017ei. Jur duga ljeta se dru\u0161tvo anga\u017eira u na\u0161em selu.<br>Der <strong>SC Kroatisch Geresdorf<\/strong> wurde im Jahr 1969 gegr\u00fcndet. Bemerkenswert ist der hohe Anteil der aus Kroatisch Geresdorf stammenden Spieler und das gro\u00dfe Engagement im Dorf.<\/p>\n\n\n\n<p><strong>Mladina Geri\u0161tof<\/strong> je jo\u0161 mlado dru\u0161tvo, se ali jur od 2018. ljeta bavi povezanjem Geri\u0161tofske mladine. Uz pomo\u0107 u selu i realizaciju nekih projektov je posebna zada\u0107a mladine ja\u010denje na Novo ljeto. Toj staroj navadi se osebito stara generacija veseli.<br>Der noch junge Verein Mladina Geri\u0161tof (<strong>Jugend Kr. Geresdorf<\/strong>) hat sich das Zusammenf\u00fchren und Vernetzen der Jugend in unserem Dorf zur Aufgabe gemacht. Die Mitglieder sind bei Veranstaltungen stets eine Hilfe. Ein Highlight ist aber sicherlich das Neujahrssingen, das nach Jahrzehnten zur Freude aller BewohnerInnen wieder aufgenommen wurde.<\/p>\n\n\n\n<p><strong>Klapa Staro Vino<\/strong> je grupa mu\u017ei, ki si rado zaja\u010du.  Mnogo puti nastupa klapa sa Zelenjaki, tako se je i skupni CD &#8222;Oko Bo\u017ei\u0107a&#8220; rodio. <br>Die <strong>M\u00e4nnergesangsgruppe &#8222;Staro Vino&#8220; <\/strong>(&#8222;Alter Wein&#8220;) besteht aus M\u00e4nnern, die sich der besonderen Art des kroatischen Chorgesangs widmen und auch oft mit den Zelenjaki auftreten. So ist auch die gemeinsame CD &#8222;Oko Bo\u017ei\u0107a&#8220; entstanden.<\/p>\n\n\n\n<h5>\u017dabljak<\/h5>\n\n\n\n<p>Da cijelo selo rado skupa djela se vidi na fe\u0161ti \u201e<strong>\u017dabljak<\/strong>\u201c, kade Zelenjaki, ognjobranci, SC Geri\u0161tof, Dru\u0161tvo za polip\u0161anje sela i Mladina Geri\u0161tof od 2016. ljeta svako ljeto organiziraju zvanarednu sve\u010danost u na\u0161em selu. Na \u0161arolik program, dobro jilo i ugodnu atmosferu su do\u0161li u zadnji ljeta jezera ljudi. Fe\u0161ta se otvara petak nave\u010der. Subotu slijedi na\u0161 folklorni Woodstock, ki po\u010dinje jur kroz dan u parku, a zve\u010dera se ljudi zabavljaju pri dobroj hrvatskoj muziki. Nedijlu se nudi skupni objed.<br>Veselimo se jur na dojdu\u0107i \u017dabljak!<\/p>\n\n\n\n<p>Jedes Jahr schlie\u00dfen sich alle Vereine zusammen und organisieren das Fest \u201e<strong>\u017dabljak<\/strong>\u201c. Ein Fest in so gro\u00dfem Ausma\u00df ben\u00f6tigt viel Flei\u00df und Organisationstalent, f\u00fcr welches die Mitglieder der Vereine gerne ihre Freizeit opfern. Das mehrt\u00e4gige Fest besuchten in den letzten Jahren tausende Menschen. Er\u00f6ffnet wir das Fest bereits am Freitagabend. Am Samstagnachmittag folgt unser einzigartiges Folklore-Woodstock im Park, bei dem man viele unterschiedliche Musik- und Tanzvereine sowie regionale Produkte genie\u00dfen kann. Wenn es dunkel wird, verlagert sich die Veranstaltung ins Festzelt, wo bekannte Musiker aus der Umgebung und aus Kroatien f\u00fcr eine gro\u00dfartige Stimmung sorgen. Am Sonntag gibt es die M\u00f6glichkeit f\u00fcr ein gemeinsames Mittagessen. <br>Wir freuen uns schon darauf, Dich wieder beim \u017dabljak begr\u00fc\u00dfen zu d\u00fcrfen!<\/p>\n\n\n\n<figure class=\"wp-block-image size-large is-resized\"><img loading=\"lazy\" src=\"https:\/\/zelenjaki.at\/wp-content\/uploads\/2021\/03\/69589327_10155499516337325_2537862923569594368_o-1024x683.jpg\" alt=\"\" class=\"wp-image-123\" width=\"681\" height=\"454\" srcset=\"https:\/\/zelenjaki.at\/wp-content\/uploads\/2021\/03\/69589327_10155499516337325_2537862923569594368_o-1024x683.jpg 1024w, https:\/\/zelenjaki.at\/wp-content\/uploads\/2021\/03\/69589327_10155499516337325_2537862923569594368_o-300x200.jpg 300w, https:\/\/zelenjaki.at\/wp-content\/uploads\/2021\/03\/69589327_10155499516337325_2537862923569594368_o-768x512.jpg 768w, https:\/\/zelenjaki.at\/wp-content\/uploads\/2021\/03\/69589327_10155499516337325_2537862923569594368_o-1536x1024.jpg 1536w, https:\/\/zelenjaki.at\/wp-content\/uploads\/2021\/03\/69589327_10155499516337325_2537862923569594368_o.jpg 1944w\" sizes=\"(max-width: 681px) 100vw, 681px\" \/><figcaption>\u017dabljak 2019 (slika: Hajnalka Zorica T\u00f3th)<\/figcaption><\/figure>\n","protected":false},"excerpt":{"rendered":"<p>Na\u0161e selo &#8211; unser dorf Geri\u0161tof je malo ali fajno selo u kom se \u010duda ljudi anga\u017eira za kulturu, zabavu i sigurnost. Uz Zelenjake su ti ljudi u sljede\u0107i dru\u0161tvi aktivni: F\u00fcr Kroatisch Geresdorf setzten sich seine BewohnerInnen mit viel Flei\u00df und Freude ein. Hier ein kurzer \u00dcberblick \u00fcber die sehr vielseitigen Vereine: Ognjobranci su &hellip; <\/p>\n<p class=\"link-more\"><a href=\"https:\/\/zelenjaki.at\/?page_id=115\" class=\"more-link\"><span class=\"screen-reader-text\">\u201eGeri\u0161tof\/Kroatisch Geresdorf\u201c<\/span> weiterlesen<\/a><\/p>\n","protected":false},"author":1,"featured_media":0,"parent":0,"menu_order":0,"comment_status":"closed","ping_status":"closed","template":"","meta":[],"_links":{"self":[{"href":"https:\/\/zelenjaki.at\/index.php?rest_route=\/wp\/v2\/pages\/115"}],"collection":[{"href":"https:\/\/zelenjaki.at\/index.php?rest_route=\/wp\/v2\/pages"}],"about":[{"href":"https:\/\/zelenjaki.at\/index.php?rest_route=\/wp\/v2\/types\/page"}],"author":[{"embeddable":true,"href":"https:\/\/zelenjaki.at\/index.php?rest_route=\/wp\/v2\/users\/1"}],"replies":[{"embeddable":true,"href":"https:\/\/zelenjaki.at\/index.php?rest_route=%2Fwp%2Fv2%2Fcomments&post=115"}],"version-history":[{"count":18,"href":"https:\/\/zelenjaki.at\/index.php?rest_route=\/wp\/v2\/pages\/115\/revisions"}],"predecessor-version":[{"id":173,"href":"https:\/\/zelenjaki.at\/index.php?rest_route=\/wp\/v2\/pages\/115\/revisions\/173"}],"wp:attachment":[{"href":"https:\/\/zelenjaki.at\/index.php?rest_route=%2Fwp%2Fv2%2Fmedia&parent=115"}],"curies":[{"name":"wp","href":"https:\/\/api.w.org\/{rel}","templated":true}]}}

Gerištof/Kroatisch Geresdorf

<h5>Naše selo &#8211; unser dorf</h5>



<p>Gerištof je malo ali fajno selo u kom se čuda ljudi angažira za kulturu, zabavu i sigurnost. Uz Zelenjake su ti ljudi u sljedeći društvi aktivni:</p>



<p>Für Kroatisch Geresdorf setzten sich seine BewohnerInnen mit viel Fleiß und Freude ein. Hier ein kurzer Überblick über die sehr vielseitigen Vereine: </p>



<p><strong>Ognjobranci</strong> su se osnovali jur 1888. ljeta i do danas branu naše selo od ognja i drugih katastrofov. Pred nekoliko ljeti su se ognjobranci i počeli i naticati pri Kuppelcup-u. <br>Die <strong>FF-Kroatisch Geresdorf</strong> bemüht sich schon seit ihrer Gründung im Jahr 1888 um die Sicherheit unseres Dorfes. Seit kurzem trainiert eine Gruppe von Feuerwehrmännern- und frauen für Kuppelcups und nimmt an Wettbewerben teil.</p>



<p><strong>Društvo za turizam i polipšavanje sela Gerištof</strong> se skrbi za oblik našega sela od 1961. ljeta. U svakoj ljetnoj dobi je Gerištof nakinčen najlipšimi kiticami i dekoracijom.<br>Der <strong>Fremdenverkehrs- und Verschönerungsverein</strong> <strong>Kroatisch Geresdorf</strong> passt das Aussehen unseres Dorfes jeder Jahreszeit und jedem Anlass an. Seit der Gründung 1961 wurden viele Projekte umgesetzt.</p>



<p><strong>SC Gerištof </strong>se igra nogomet od 1969. ljeta. Posebno je da se u Gerištofskom timu najvećim dijelom igraju Gerištofski junaki i muži. Jur duga ljeta se društvo angažira u našem selu.<br>Der <strong>SC Kroatisch Geresdorf</strong> wurde im Jahr 1969 gegründet. Bemerkenswert ist der hohe Anteil der aus Kroatisch Geresdorf stammenden Spieler und das große Engagement im Dorf.</p>



<p><strong>Mladina Gerištof</strong> je još mlado društvo, se ali jur od 2018. ljeta bavi povezanjem Gerištofske mladine. Uz pomoć u selu i realizaciju nekih projektov je posebna zadaća mladine jačenje na Novo ljeto. Toj staroj navadi se osebito stara generacija veseli.<br>Der noch junge Verein Mladina Gerištof (<strong>Jugend Kr. Geresdorf</strong>) hat sich das Zusammenführen und Vernetzen der Jugend in unserem Dorf zur Aufgabe gemacht. Die Mitglieder sind bei Veranstaltungen stets eine Hilfe. Ein Highlight ist aber sicherlich das Neujahrssingen, das nach Jahrzehnten zur Freude aller BewohnerInnen wieder aufgenommen wurde.</p>



<p><strong>Klapa Staro Vino</strong> je grupa muži, ki si rado zajaču.  Mnogo puti nastupa klapa sa Zelenjaki, tako se je i skupni CD &#8222;Oko Božića&#8220; rodio. <br>Die <strong>Männergesangsgruppe &#8222;Staro Vino&#8220; </strong>(&#8222;Alter Wein&#8220;) besteht aus Männern, die sich der besonderen Art des kroatischen Chorgesangs widmen und auch oft mit den Zelenjaki auftreten. So ist auch die gemeinsame CD &#8222;Oko Božića&#8220; entstanden.</p>



<h5>Žabljak</h5>



<p>Da cijelo selo rado skupa djela se vidi na fešti „<strong>Žabljak</strong>“, kade Zelenjaki, ognjobranci, SC Gerištof, Društvo za polipšanje sela i Mladina Gerištof od 2016. ljeta svako ljeto organiziraju zvanarednu svečanost u našem selu. Na šarolik program, dobro jilo i ugodnu atmosferu su došli u zadnji ljeta jezera ljudi. Fešta se otvara petak navečer. Subotu slijedi naš folklorni Woodstock, ki počinje jur kroz dan u parku, a zvečera se ljudi zabavljaju pri dobroj hrvatskoj muziki. Nedijlu se nudi skupni objed.<br>Veselimo se jur na dojdući Žabljak!</p>



<p>Jedes Jahr schließen sich alle Vereine zusammen und organisieren das Fest „<strong>Žabljak</strong>“. Ein Fest in so großem Ausmaß benötigt viel Fleiß und Organisationstalent, für welches die Mitglieder der Vereine gerne ihre Freizeit opfern. Das mehrtägige Fest besuchten in den letzten Jahren tausende Menschen. Eröffnet wir das Fest bereits am Freitagabend. Am Samstagnachmittag folgt unser einzigartiges Folklore-Woodstock im Park, bei dem man viele unterschiedliche Musik- und Tanzvereine sowie regionale Produkte genießen kann. Wenn es dunkel wird, verlagert sich die Veranstaltung ins Festzelt, wo bekannte Musiker aus der Umgebung und aus Kroatien für eine großartige Stimmung sorgen. Am Sonntag gibt es die Möglichkeit für ein gemeinsames Mittagessen. <br>Wir freuen uns schon darauf, Dich wieder beim Žabljak begrüßen zu dürfen!</p>



<figure class="wp-block-image size-large is-resized"><img loading="lazy" src="https://zelenjaki.at/wp-content/uploads/2021/03/69589327_10155499516337325_2537862923569594368_o-1024x683.jpg" alt="" class="wp-image-123" width="681" height="454" srcset="https://zelenjaki.at/wp-content/uploads/2021/03/69589327_10155499516337325_2537862923569594368_o-1024x683.jpg 1024w, https://zelenjaki.at/wp-content/uploads/2021/03/69589327_10155499516337325_2537862923569594368_o-300x200.jpg 300w, https://zelenjaki.at/wp-content/uploads/2021/03/69589327_10155499516337325_2537862923569594368_o-768x512.jpg 768w, https://zelenjaki.at/wp-content/uploads/2021/03/69589327_10155499516337325_2537862923569594368_o-1536x1024.jpg 1536w, https://zelenjaki.at/wp-content/uploads/2021/03/69589327_10155499516337325_2537862923569594368_o.jpg 1944w" sizes="(max-width: 681px) 100vw, 681px" /><figcaption>Žabljak 2019 (slika: Hajnalka Zorica Tóth)</figcaption></figure>

<p>Naše selo &#8211; unser dorf Gerištof je malo ali fajno selo u kom se čuda ljudi angažira za kulturu, zabavu i sigurnost. Uz Zelenjake su ti ljudi u sljedeći društvi aktivni: Für Kroatisch Geresdorf setzten sich seine BewohnerInnen mit viel Fleiß und Freude ein. Hier ein kurzer Überblick über die sehr vielseitigen Vereine: Ognjobranci su &hellip; </p>
<p class="link-more"><a href="https://zelenjaki.at/?page_id=115" class="more-link"><span class="screen-reader-text">„Gerištof/Kroatisch Geresdorf“</span> weiterlesen</a></p>
