{"id":42,"date":"2020-02-27T10:44:21","date_gmt":"2020-02-27T10:44:21","guid":{"rendered":"https:\/\/zelenjaki.at\/?page_id=42"},"modified":"2021-03-30T18:25:43","modified_gmt":"2021-03-30T18:25:43","slug":"ueber-uns","status":"publish","type":"page","link":"https:\/\/zelenjaki.at\/?page_id=42","title":{"rendered":"O nami\/\u00dcber uns"},"content":{"rendered":"\n<h1>O nami<\/h1>\n\n\n\n<p><strong>Mi smo Zelenjaki iz Geri<\/strong><strong>\u0161tofa. Dobro do\u0161li na na\u0161oj web stranici!<\/strong><\/p>\n\n\n\n<p>Zelenjaki su tambura\u0161ko dru\u0161tvo iz Geri\u0161tofa u sridnjem Gradi\u0161\u0107u, ko ima 49 kotrigov. U dugoljetnom djelovanju smo pod muzikalnim peljanjem <strong>Ferija Fellingera<\/strong> igrali na potpuno razli\u010dni nastupi, a to ne samo u Austriji. Uz klasi\u010dne nastupe kot pri \u201eTamburica uz oganj\u201c, na kiritofi ili drugi zabavni fe\u0161ta smo imali i mogu\u0107nost nastupati na bezbrojni adventski sajmi u inozemstvu i u domovini, zvana toga smo mogli i oblikovati ma\u0161e ili igrati na festivali u Hrvatskoj. To je samo mogu\u0107e kad imamo \u0161arolik program u kom se moru najti stare Geri\u0161tofske narodne ja\u010dke, moderna muzika \u2013 od Rock&amp;Pop-a do Klapov \u2013 crikvene ja\u010dke kao i adventska i bo\u017ei\u0107na muzika.<\/p>\n\n\n\n<p>Na\u0161e najdra\u017ee ja\u010dke smo snimili i skupa stavili na 2 CD-jka:<\/p>\n\n\n\n<p><strong>Nasred Geri\u0161tofa<\/strong> \u2013 na\u0161e najdra\u017ee narodne ja\u010dke iz Geri\u0161tofa (cijena \u20ac 15,-)<\/p>\n\n\n\n<p><strong>Oko Bo\u017ei\u0107a<\/strong> \u2013 adventske i bo\u017ei\u0107ne ja\u010dke za bla\u017eeno bo\u017ei\u0107no vrime (cijena \u20ac 15,-)<\/p>\n\n\n\n<p>&#8230; ako se zanimate za na\u0161e produkcije nam se rado javite!<\/p>\n\n\n\n<p><strong>A kako je do\u0161lo do na\u0161ega dru\u0161tva?<br><\/strong>U 2006. ljetu je selo Geri\u0161tof sve\u010devalo 850. obljetnicu za ku se je otkrio zdenac u sredini parka. Za sveta\u010dni akt se je iskalo glazbeno oblikovanje i tako su se pitali u selu ljudi, ki su jur imali iskustva s igranjem tambure. Na\u0161la se je \u0161akica ljudi, ka se je za sve\u010danost zavje\u017ebala nekoliko ja\u010dak. Pri probanju i nastupu se je vidio potencijal u selu i tako se je rodila ideja osnovati tambura\u0161ko dru\u0161tvo u Geri\u0161tofu. Jo\u0161 u zimi istoga ljeta su se zainteresirani ljudi skupa seli na osnovaju\u0107u sjednicu, pri koj se je odibrao prvi odbor. Prvi predsjednik Zelenjakov je bio <strong>Jo\u0161ko<\/strong> <strong>Burani\u0107<\/strong>, muzikalno peljanje je do danas zada\u0107a <strong>Ferija Fellingera<\/strong>. I mladi nara\u0161taj je Zelenjakom jako va\u017ean. U pro\u0161li ljeti  se je u dru\u0161tvu \u010duda dice &#8211; ali i odra\u0161\u0107eni &#8211; nau\u010dilo igrati na tamburi.<\/p>\n\n\n\n<p><strong>A \u010da to kani bit? \u010ca zna\u010di \u201eZelenjaki\u201c?<br><\/strong>Na\u0161e ime jur ima dugu povijest: Polig stare pri\u010de se je u Geri\u0161tofu ko\u010d na jako poseban na\u010din odibirao na\u010delnik sela. Mu\u017ei ki su kanili postati na\u010delniki su i\u0161li potoku i si jednostavno umo\u010dili njevu bradu. Ta kandidat ki je imao najzeleniju bradu je postao na\u010delnik. Ovako su ada Geri\u0161tofci dostali nadimak Zelenjaki. A mi smo si mislil da je to zvanaredno ime za na\u0161e tambura\u0161ko dru\u0161tvo.<\/p>\n\n\n\n<h1>\u00dcber uns<\/h1>\n\n\n\n<p><strong>Wir sind die Tamburicagruppe Zelenjaki. Es freut uns, dass Du uns besuchst!<\/strong><\/p>\n\n\n\n<p>Das kleine aber feine Dorf Kroatisch Geresdorf nennen wir unsere Heimat. Hier leben BurgenlandkroatInnen, die in ihrer Freizeit gerne die burgenlandkroatische Kultur ausleben &#8211; und das auch in unserem Tamburicaverein. Zelenjaki sind mit 49 Mitgliedern im Alter zwischen 15 und 70 ein sehr gro\u00dfer Verein. In unserem langj\u00e4hrigen Bestehen hatten wir das Gl\u00fcck, auf vielen unterschiedlichen Veranstaltungen aufzutreten. Dazu geh\u00f6ren Feste wie &#8222;Tamburica uz oganj&#8220; (Tamburica am Lagerfeuer), Kirtage oder andere Feste dieser Art. Aber auch Christkindlm\u00e4rkte im In- und Ausland, die musikalische Umrahmung von Messen oder Kulturfestivals in Kroatien z\u00e4hlen wir zu unseren &#8211; eher au\u00dfergew\u00f6hnlicheren &#8211; Auftritten. Ein so vielf\u00e4ltiges Wirken ist nur mit einem breitgef\u00e4cherten Musikprogramm m\u00f6glich. Im Repertoire von Zelenjaki findest Du nicht nur traditionelle Volkslieder aus Kroatisch Geresdorf, sondern auch kroatische Rock- und Popmusik, sakrale Musik und Lieder f\u00fcr die Advent- und Weihnachtszeit. <\/p>\n\n\n\n<p>Unsere Lieblingslieder haben wir in zwei CDs zusammengefasst: <\/p>\n\n\n\n<p><strong>Nasred Geri\u0161tofa<\/strong> \u2013 unsere liebsten Volkslieder aus Kroatisch Geresdorf (Preis \u20ac 15,-)<\/p>\n\n\n\n<p><strong>Oko Bo\u017ei\u0107a<\/strong> \u2013 Musik f\u00fcr eine besinnliche Advent- und Weihnachtszeit (Preis \u20ac 15,-)<\/p>\n\n\n\n<p>&#8230; bei Interesse melde Dich gerne bei uns!<\/p>\n\n\n\n<p><strong>Wie kam es zu unserem Verein?<\/strong><br>Im Jahr 2006 feierte unsere Ortschaft ihr 850-j\u00e4hriges Bestehen und erhielt einen Brunnen im Park in der Ortsmitte. F\u00fcr den Festakt suchte man nach einer musikalischen Untermalung. Es konnte eine Gruppe von Personen gefunden werden, die bereits Erfahrung mit dem Tamburicaspielen hatte und f\u00fcr die Feier einige Lieder f\u00fcr die Feier einstudierte. Man erkannte das Potenzial im Dorf und entschied sich, einen offiziellen Tamburicaverein zu gr\u00fcnden. Der erste Vorsitzende der Zelenjaki war Josef Buranits, die musikalische Leitung ist bis heute in Feri Fellingers H\u00e4nden. Auch der Nachwuchs ist den Zelenjaki sehr wichtig. Im Laufe der letzten Jahre haben viele Kinder im Volksschulalter &#8211; aber auch Erwachsene &#8211; das Spielen auf der Tamburica erlernt und die Gruppe erweitert. <\/p>\n\n\n\n<p><strong>Was bedeutet &#8222;Zelenjaki&#8220;?<\/strong><br>\u00dcbersetzt bedeutet unsere Name so viel wie &#8222;Gr\u00fcnlinge&#8220;. Das aber nicht ohne Grund: Der Legende nach wurde bei uns der B\u00fcrgermeister auf eine ganz besondere Art und Weise bestimmt. Alle kandidierenden M\u00e4nner gingen zum Bach und tauchten einfach ihren Bart in das Wasser. Der Mann, auf dessen Bart das meiste Gr\u00fcnzeug haften blieb, wurde der n\u00e4chste B\u00fcrgermeister. Nach dieser Anekdote erhielten die Kroatisch GeresdorferInnen den Spitznamen &#8222;Zelenjaki&#8220;. Und wir sind der Meinung, dass der Name hervorragend zu unserer Gruppe passt. <\/p>\n\n\n\n<figure class=\"wp-block-image size-large\"><img loading=\"lazy\" width=\"1024\" height=\"683\" src=\"https:\/\/zelenjaki.at\/wp-content\/uploads\/2021\/03\/Oko_bozica-1-1024x683.jpg\" alt=\"\" class=\"wp-image-133\" srcset=\"https:\/\/zelenjaki.at\/wp-content\/uploads\/2021\/03\/Oko_bozica-1-1024x683.jpg 1024w, https:\/\/zelenjaki.at\/wp-content\/uploads\/2021\/03\/Oko_bozica-1-300x200.jpg 300w, https:\/\/zelenjaki.at\/wp-content\/uploads\/2021\/03\/Oko_bozica-1-768x512.jpg 768w, https:\/\/zelenjaki.at\/wp-content\/uploads\/2021\/03\/Oko_bozica-1-1536x1024.jpg 1536w, https:\/\/zelenjaki.at\/wp-content\/uploads\/2021\/03\/Oko_bozica-1.jpg 2048w\" sizes=\"(max-width: 767px) 89vw, (max-width: 1000px) 54vw, (max-width: 1071px) 543px, 580px\" \/><figcaption><em>na\u0161 CD &#8222;Oko Bo\u017ei\u0107a&#8220; (slika: Hajnalka ZoricaToth)<\/em><\/figcaption><\/figure>\n\n\n\n<p> <\/p>\n","protected":false},"excerpt":{"rendered":"<p>O nami Mi smo Zelenjaki iz Geri\u0161tofa. Dobro do\u0161li na na\u0161oj web stranici! Zelenjaki su tambura\u0161ko dru\u0161tvo iz Geri\u0161tofa u sridnjem Gradi\u0161\u0107u, ko ima 49 kotrigov. U dugoljetnom djelovanju smo pod muzikalnim peljanjem Ferija Fellingera igrali na potpuno razli\u010dni nastupi, a to ne samo u Austriji. Uz klasi\u010dne nastupe kot pri \u201eTamburica uz oganj\u201c, na &hellip; <\/p>\n<p class=\"link-more\"><a href=\"https:\/\/zelenjaki.at\/?page_id=42\" class=\"more-link\"><span class=\"screen-reader-text\">\u201eO nami\/\u00dcber uns\u201c<\/span> weiterlesen<\/a><\/p>\n","protected":false},"author":1,"featured_media":49,"parent":0,"menu_order":0,"comment_status":"closed","ping_status":"closed","template":"","meta":[],"_links":{"self":[{"href":"https:\/\/zelenjaki.at\/index.php?rest_route=\/wp\/v2\/pages\/42"}],"collection":[{"href":"https:\/\/zelenjaki.at\/index.php?rest_route=\/wp\/v2\/pages"}],"about":[{"href":"https:\/\/zelenjaki.at\/index.php?rest_route=\/wp\/v2\/types\/page"}],"author":[{"embeddable":true,"href":"https:\/\/zelenjaki.at\/index.php?rest_route=\/wp\/v2\/users\/1"}],"replies":[{"embeddable":true,"href":"https:\/\/zelenjaki.at\/index.php?rest_route=%2Fwp%2Fv2%2Fcomments&post=42"}],"version-history":[{"count":19,"href":"https:\/\/zelenjaki.at\/index.php?rest_route=\/wp\/v2\/pages\/42\/revisions"}],"predecessor-version":[{"id":171,"href":"https:\/\/zelenjaki.at\/index.php?rest_route=\/wp\/v2\/pages\/42\/revisions\/171"}],"wp:featuredmedia":[{"embeddable":true,"href":"https:\/\/zelenjaki.at\/index.php?rest_route=\/wp\/v2\/media\/49"}],"wp:attachment":[{"href":"https:\/\/zelenjaki.at\/index.php?rest_route=%2Fwp%2Fv2%2Fmedia&parent=42"}],"curies":[{"name":"wp","href":"https:\/\/api.w.org\/{rel}","templated":true}]}}

O nami/Über uns

<h1>O nami</h1>



<p><strong>Mi smo Zelenjaki iz Geri</strong><strong>štofa. Dobro došli na našoj web stranici!</strong></p>



<p>Zelenjaki su tamburaško društvo iz Gerištofa u sridnjem Gradišću, ko ima 49 kotrigov. U dugoljetnom djelovanju smo pod muzikalnim peljanjem <strong>Ferija Fellingera</strong> igrali na potpuno različni nastupi, a to ne samo u Austriji. Uz klasične nastupe kot pri „Tamburica uz oganj“, na kiritofi ili drugi zabavni fešta smo imali i mogućnost nastupati na bezbrojni adventski sajmi u inozemstvu i u domovini, zvana toga smo mogli i oblikovati maše ili igrati na festivali u Hrvatskoj. To je samo moguće kad imamo šarolik program u kom se moru najti stare Gerištofske narodne jačke, moderna muzika – od Rock&amp;Pop-a do Klapov – crikvene jačke kao i adventska i božićna muzika.</p>



<p>Naše najdraže jačke smo snimili i skupa stavili na 2 CD-jka:</p>



<p><strong>Nasred Gerištofa</strong> – naše najdraže narodne jačke iz Gerištofa (cijena € 15,-)</p>



<p><strong>Oko Božića</strong> – adventske i božićne jačke za blaženo božićno vrime (cijena € 15,-)</p>



<p>&#8230; ako se zanimate za naše produkcije nam se rado javite!</p>



<p><strong>A kako je došlo do našega društva?<br></strong>U 2006. ljetu je selo Gerištof svečevalo 850. obljetnicu za ku se je otkrio zdenac u sredini parka. Za svetačni akt se je iskalo glazbeno oblikovanje i tako su se pitali u selu ljudi, ki su jur imali iskustva s igranjem tambure. Našla se je šakica ljudi, ka se je za svečanost zavježbala nekoliko jačak. Pri probanju i nastupu se je vidio potencijal u selu i tako se je rodila ideja osnovati tamburaško društvo u Gerištofu. Još u zimi istoga ljeta su se zainteresirani ljudi skupa seli na osnovajuću sjednicu, pri koj se je odibrao prvi odbor. Prvi predsjednik Zelenjakov je bio <strong>Joško</strong> <strong>Buranić</strong>, muzikalno peljanje je do danas zadaća <strong>Ferija Fellingera</strong>. I mladi naraštaj je Zelenjakom jako važan. U prošli ljeti  se je u društvu čuda dice &#8211; ali i odrašćeni &#8211; naučilo igrati na tamburi.</p>



<p><strong>A ča to kani bit? Ča znači „Zelenjaki“?<br></strong>Naše ime jur ima dugu povijest: Polig stare priče se je u Gerištofu koč na jako poseban način odibirao načelnik sela. Muži ki su kanili postati načelniki su išli potoku i si jednostavno umočili njevu bradu. Ta kandidat ki je imao najzeleniju bradu je postao načelnik. Ovako su ada Gerištofci dostali nadimak Zelenjaki. A mi smo si mislil da je to zvanaredno ime za naše tamburaško društvo.</p>



<h1>Über uns</h1>



<p><strong>Wir sind die Tamburicagruppe Zelenjaki. Es freut uns, dass Du uns besuchst!</strong></p>



<p>Das kleine aber feine Dorf Kroatisch Geresdorf nennen wir unsere Heimat. Hier leben BurgenlandkroatInnen, die in ihrer Freizeit gerne die burgenlandkroatische Kultur ausleben &#8211; und das auch in unserem Tamburicaverein. Zelenjaki sind mit 49 Mitgliedern im Alter zwischen 15 und 70 ein sehr großer Verein. In unserem langjährigen Bestehen hatten wir das Glück, auf vielen unterschiedlichen Veranstaltungen aufzutreten. Dazu gehören Feste wie &#8222;Tamburica uz oganj&#8220; (Tamburica am Lagerfeuer), Kirtage oder andere Feste dieser Art. Aber auch Christkindlmärkte im In- und Ausland, die musikalische Umrahmung von Messen oder Kulturfestivals in Kroatien zählen wir zu unseren &#8211; eher außergewöhnlicheren &#8211; Auftritten. Ein so vielfältiges Wirken ist nur mit einem breitgefächerten Musikprogramm möglich. Im Repertoire von Zelenjaki findest Du nicht nur traditionelle Volkslieder aus Kroatisch Geresdorf, sondern auch kroatische Rock- und Popmusik, sakrale Musik und Lieder für die Advent- und Weihnachtszeit. </p>



<p>Unsere Lieblingslieder haben wir in zwei CDs zusammengefasst: </p>



<p><strong>Nasred Gerištofa</strong> – unsere liebsten Volkslieder aus Kroatisch Geresdorf (Preis € 15,-)</p>



<p><strong>Oko Božića</strong> – Musik für eine besinnliche Advent- und Weihnachtszeit (Preis € 15,-)</p>



<p>&#8230; bei Interesse melde Dich gerne bei uns!</p>



<p><strong>Wie kam es zu unserem Verein?</strong><br>Im Jahr 2006 feierte unsere Ortschaft ihr 850-jähriges Bestehen und erhielt einen Brunnen im Park in der Ortsmitte. Für den Festakt suchte man nach einer musikalischen Untermalung. Es konnte eine Gruppe von Personen gefunden werden, die bereits Erfahrung mit dem Tamburicaspielen hatte und für die Feier einige Lieder für die Feier einstudierte. Man erkannte das Potenzial im Dorf und entschied sich, einen offiziellen Tamburicaverein zu gründen. Der erste Vorsitzende der Zelenjaki war Josef Buranits, die musikalische Leitung ist bis heute in Feri Fellingers Händen. Auch der Nachwuchs ist den Zelenjaki sehr wichtig. Im Laufe der letzten Jahre haben viele Kinder im Volksschulalter &#8211; aber auch Erwachsene &#8211; das Spielen auf der Tamburica erlernt und die Gruppe erweitert. </p>



<p><strong>Was bedeutet &#8222;Zelenjaki&#8220;?</strong><br>Übersetzt bedeutet unsere Name so viel wie &#8222;Grünlinge&#8220;. Das aber nicht ohne Grund: Der Legende nach wurde bei uns der Bürgermeister auf eine ganz besondere Art und Weise bestimmt. Alle kandidierenden Männer gingen zum Bach und tauchten einfach ihren Bart in das Wasser. Der Mann, auf dessen Bart das meiste Grünzeug haften blieb, wurde der nächste Bürgermeister. Nach dieser Anekdote erhielten die Kroatisch GeresdorferInnen den Spitznamen &#8222;Zelenjaki&#8220;. Und wir sind der Meinung, dass der Name hervorragend zu unserer Gruppe passt. </p>



<figure class="wp-block-image size-large"><img loading="lazy" width="1024" height="683" src="https://zelenjaki.at/wp-content/uploads/2021/03/Oko_bozica-1-1024x683.jpg" alt="" class="wp-image-133" srcset="https://zelenjaki.at/wp-content/uploads/2021/03/Oko_bozica-1-1024x683.jpg 1024w, https://zelenjaki.at/wp-content/uploads/2021/03/Oko_bozica-1-300x200.jpg 300w, https://zelenjaki.at/wp-content/uploads/2021/03/Oko_bozica-1-768x512.jpg 768w, https://zelenjaki.at/wp-content/uploads/2021/03/Oko_bozica-1-1536x1024.jpg 1536w, https://zelenjaki.at/wp-content/uploads/2021/03/Oko_bozica-1.jpg 2048w" sizes="(max-width: 767px) 89vw, (max-width: 1000px) 54vw, (max-width: 1071px) 543px, 580px" /><figcaption><em>naš CD &#8222;Oko Božića&#8220; (slika: Hajnalka ZoricaToth)</em></figcaption></figure>



<p> </p>

<p>O nami Mi smo Zelenjaki iz Gerištofa. Dobro došli na našoj web stranici! Zelenjaki su tamburaško društvo iz Gerištofa u sridnjem Gradišću, ko ima 49 kotrigov. U dugoljetnom djelovanju smo pod muzikalnim peljanjem Ferija Fellingera igrali na potpuno različni nastupi, a to ne samo u Austriji. Uz klasične nastupe kot pri „Tamburica uz oganj“, na &hellip; </p>
<p class="link-more"><a href="https://zelenjaki.at/?page_id=42" class="more-link"><span class="screen-reader-text">„O nami/Über uns“</span> weiterlesen</a></p>
